8.
2, 47, 38047
What are the prime factors of 126615?
3, 5, 23, 367
List the prime factors of 370714.
2, 23, 8059
What are the prime factors of 22595491?
191, 281, 421
List the prime factors of 7948041.
3, 23, 127, 907
What are the prime factors of 4649542?
2, 23, 61, 1657
List the prime factors of 9687557.
11, 880687
List the prime factors of 1259863.
11, 53, 2161
List the prime factors of 187225.
5, 7489
What are the prime factors of 940982?
2, 7, 67213
List the prime factors of 842585.
5, 43, 3919
List the prime factors of 32448.
2, 3, 13
What are the prime factors of 505624?
2, 7, 9029
What are the prime factors of 3303879?
3, 499, 2207
List the prime factors of 840930.
2, 3, 5, 28031
What are the prime factors of 800523?
3, 9883
What are the prime factors of 9197609?
9197609
What are the prime factors of 26818355?
5, 151, 35521
List the prime factors of 294822.
2, 3, 11, 1489
List the prime factors of 135794.
2, 43, 1579
What are the prime factors of 226215?
3, 5, 11, 457
What are the prime factors of 4986544?
2, 311659
List the prime factors of 209767.
209767
List the prime factors of 3136626.
2, 3, 174257
List the prime factors of 216486.
2, 3, 19, 211
What are the prime factors of 26086730?
2, 5, 743, 3511
What are the prime factors of 302614?
2, 13, 103, 113
What are the prime factors of 9112899?
3, 23, 132071
What are the prime factors of 450881?
450881
List the prime factors of 2245006.
2, 29, 38707
What are the prime factors of 17643376?
2, 37, 29803
List the prime factors of 195385.
5, 23, 1699
List the prime factors of 125484.
2, 3, 10457
List the prime factors of 1330495.
5, 266099
What are the prime factors of 11443268?
2, 2860817
List the prime factors of 3961050.
2, 3, 5, 26407
What are the prime factors of 168596?
2, 113, 373
List the prime factors of 2348508.
2, 3, 195709
List the prime factors of 2130437.
2130437
What are the prime factors of 1106730?
2, 3, 5, 4099
What are the prime factors of 544110?
2, 3, 5, 7, 2591
List the prime factors of 51664.
2, 3229
List the prime factors of 9373630.
2, 5, 7, 17, 7877
List the prime factors of 163506.
2, 3, 7, 17, 229
List the prime factors of 2110661.
7, 61, 4943
What are the prime factors of 85091?
85091
List the prime factors of 2546172.
2, 3, 107, 661
What are the prime factors of 7137982?
2, 3568991
List the prime factors of 680158.
2, 340079
What are the prime factors of 2840800?
2, 5, 53, 67
What are the prime factors of 9511391?
29, 327979
What are the prime factors of 201035?
5, 31, 1297
List the prime factors of 7692130.
2, 5, 109, 7057
What are the prime factors of 88721?
88721
List the prime factors of 250773.
3, 83591
What are the prime factors of 1293503?
109, 11867
What are the prime factors of 1358074?
2, 679037
List the prime factors of 1968230.
2, 5, 11, 29, 617
List the prime factors of 245145.
3, 5, 59, 277
List the prime factors of 881422.
2, 440711
What are the prime factors of 1175304?
2, 3, 13, 3767
What are the prime factors of 154296?
2, 3, 2143
What are the prime factors of 624139?
624139
List the prime factors of 237805.
5, 199, 239
What are the prime factors of 1188911?
281, 4231
List the prime factors of 112461.
3, 19, 1973
What are the prime factors of 26759519?
1459, 18341
What are the prime factors of 2981491?
43, 69337
What are the prime factors of 293204?
2, 23, 3187
List the prime factors of 100338.
2, 3, 7, 2389
What are the prime factors of 30948?
2, 3, 2579
List the prime factors of 509671.
31, 41, 401
What are the prime factors of 22882990?
2, 5, 13, 176023
What are the prime factors of 2123346?
2, 3, 353891
What are the prime factors of 6587153?
6587153
List the prime factors of 88015.
5, 29, 607
List the prime factors of 127803.
3, 13, 29, 113
List the prime factors of 5474712.
2, 3, 228113
What are the prime factors of 12677179?
12677179
What are the prime factors of 239399?
41, 5839
What are the prime factors of 32309202?
2, 3, 5384867
What are the prime factors of 1254292?
2, 13, 24121
List the prime factors of 9951181.
9951181
List the prime factors of 128907.
3, 14323
What are the prime factors of 1084011?
3, 361337
What are the prime factors of 1050692?
2, 193, 1361
List the prime factors of 37182616.
2, 43, 108089
What are the prime factors of 142074?
2, 3, 877
List the prime factors of 6618935.
5, 19, 193
What are the prime factors of 1111268?
2, 23, 47, 257
List the prime factors of 2329937.
2329937
List the prime factors of 120618.
2, 3, 6701
What are the prime factors of 2475527?
29, 85363
What are the prime factors of 97074?
2, 3, 5393
List the prime factors of 4170060.
2, 3, 5, 23167
List the prime factors of 1754931.
3, 67, 8731
List the prime factors of 977429.
37, 26417
What are the prime factors of 3615421?
41, 109, 809
What are the prime factors of 37596456?
2, 3, 113, 4621
What are the prime factors of 358381?
41, 8741
What are the prime factors of 2846451?
3, 31, 127, 241
What are the prime factors of 4335040?
2, 5, 19, 23, 31
List the prime factors of 929334.
2, 3, 7, 29, 109
List the prime factors of 38105.
5, 7621
What are the prime factors of 3325616?
2, 7, 23, 1291
List the prime factors of 169498.
2, 7, 12107
List the prime factors of 2860343.
181, 15803
What are the prime factors of 460218?
2, 3, 11, 19, 367
What are the prime factors of 59777?
23, 113
List the prime factors of 1161209.
7, 165887
List the prime factors of 9268566.
2, 3, 31, 49831
List the prime factors of 312305.
5, 7, 8923
What are the prime factors of 21567522?
2, 3, 37, 97151
List the prime factors of 18096910.
2, 5, 13, 107, 1301
List the prime factors of 2162.
2, 23, 47
What are the prime factors of 418754?
2, 7, 4273
List the prime factors of 54384.
2, 3, 11, 103
What are the prime factors of 7727966?
2, 199, 19417
What are the prime factors of 55951?
7, 7993
List the prime factors of 62870.
2, 5, 6287
What are the prime factors of 374117?
374117
List the prime factors of 4245972.
2, 3, 37, 73, 131
List the prime factors of 1802190.
2, 3, 5, 13, 4621
List the prime factors of 452736.
2, 3, 131
List the prime factors of 1484198.
2, 197, 3767
What are the prime factors of 17715601?
31, 571471
What are the prime factors of 173665?
5, 47, 739
What are the prime factors of 3374396?
2, 523, 1613
What are the prime factors of 267169?
7, 38167
List the prime factors of 1512720.
2, 3, 5, 11, 191
What are the prime factors of 1578027?
3, 11, 47819
What are the prime factors of 8003?
53, 151
What are the prime factors of 17777126?
2, 8888563
What are the prime factors of 78438?
2, 3, 17, 769
What are the prime factors of 4206483?
3, 31, 15077
What are the prime factors of 99748?
2, 11, 2267
List the prime factors of 13691758.
2, 47, 113, 1289
What are the prime factors of 1855147?
7, 265021
What are the prime factors of 267154?
2, 223, 599
List the prime factors of 259925.
5, 37, 281
List the prime factors of 24014489.
17, 1412617
What are the prime factors of 152405?
5, 11, 17, 163
List the prime factors of 84047.
84047
List the prime factors of 792813.
3, 7, 19, 1987
What are the prime factors of 327728?
2, 20483
What are the prime factors of 29659218?
2, 3, 293, 16871
What are the prime factors of 270746?
2, 7, 83, 233
List the prime factors of 8237.
8237
What are the prime factors of 1719186?
2, 3, 7, 40933
What are the prime factors of 35452161?
3, 437681
What are the prime factors of 303834?
2, 3, 79, 641
What are the prime factors of 9301359?
3, 811, 3823
List the prime factors of 2183538.
2, 3, 7, 1061
What are the prime factors of 161122?
2, 13, 6197
List the prime factors of 1968207.
3, 743, 883
What are the prime factors of 4666762?
2, 2333381
What are the prime factors of 2222891?
11, 18371
What are the prime factors of 5725871?
5725871
List the prime factors of 247736.
2, 173, 179
What are the prime factors of 756100?
2, 5, 7561
List the prime factors of 3539396.
2, 7, 19, 6653
List the prime factors of 1812924.
2, 3, 50359
What are the prime factors of 426772?
2, 106693
List the prime factors of 86206.
2, 43103
What are the prime factors of 220753?
13, 16981
What are the prime factors of 1080506?
2, 7, 113, 683
What are the prime factors of 165892?
2, 67, 619
List the prime factors of 14847247.
89, 166823
List the prime factors of 